. Suppose z*r - 95 = -0*r. List the prime factors of r.
19
Suppose 2*j = 29 + 45. Suppose 0 = 4*p - j - 35. List the prime factors of p.
2, 3
What are the prime factors of (-10)/55 - 11008/(-44)?
2, 5
Suppose -2*i + 0*i + 2 = 2*c, 0 = -i - 4*c - 5. Suppose -3*r = i*l - 18, 2*l + 28 = -0*r + 3*r. What are the prime factors of 30/r + 2/8?
2
Suppose 3*d = 3*s - 2*d + 5, 3*d = 3*s + 3. Suppose -4*k + s = 12. List the prime factors of 16/10*(2 - k).
2
Suppose 52 + 68 = 4*k - 3*v, 3*v + 90 = 3*k. Suppose z - k = -z. What are the prime factors of z?
3, 5
Let a = 44 - -346. List the prime factors of a.
2, 3, 5, 13
Let s(c) = -c**2 + 8*c - 2. Let y be s(3). Let b be -1*(2 + 0 - 0). Let p = y + b. List the prime factors of p.
11
Suppose m - 2*m - y + 2 = 0, 4*m + 5*y = 8. Suppose -2*q + 0*v = m*v, 4*q - 2*v - 30 = 0. List the prime factors of q.
5
Suppose -b = 2 - 5. Let g be (3 - b) + 0 + 1. List the prime factors of (-75)/(-6) + g/2.
13
Let o(z) = -6*z**3 - 2*z**2 + 1. What are the prime factors of o(-1)?
5
Let n(i) = -i**3 - 5*i**2 + 7*i + 6. Let l be n(-6). Suppose v + 3 = -l. List the prime factors of ((-2)/(-2) + -2)*v.
3
What are the prime factors of ((-8)/(-16))/((-1)/(-190))?
5, 19
Let r(n) = -n**2 - n - 1. Let i(s) = -5*s**2 - 6*s - 4. Let k(q) = i(q) - 6*r(q). What are the prime factors of k(-3)?
11
Let u be 14/4*-1*-10. List the prime factors of (-98)/u*(-10)/4.
7
Let j = -15 - -33. Let f = 26 - j. List the prime factors of f.
2
Suppose h = -0*n - 2*n + 13, -n + 4*h = -2. List the prime factors of n.
2, 3
Suppose -2*w - w = -p - 10, -p = -2*w + 5. Suppose 0 = -2*s + 3*t + w, 3*t = -4*s + 4 - 3. Let g = 14 + s. What are the prime factors of g?
3, 5
Let s(a) = -a**2 - 13*a - 12. List the prime factors of s(-5).
2, 7
Suppose -13*t = -17*t + 144. List the prime factors of t.
2, 3
Let r(o) = 8*o - 12. List the prime factors of r(9).
2, 3, 5
Suppose 5*s - 5*b = 10, b - 3*b = 0. Suppose 0 = -s*n + 4 + 6. What are the prime factors of n?
5
Let p(n) = -n**2 + 10*n - 3. Let w be p(10). What are the prime factors of w - (-7)/((-14)/(-44))?
19
Let s(q) = -q**3 + 4*q**2 - 4*q + 4. Let b be s(3). Let r be b/(-1)*(-41 + -2). Let d = -29 + r. List the prime factors of d.
2, 7
Suppose z + 36 = 3*z. Let w = 3 + -6. List the prime factors of z - 1*(w - -2).
19
Suppose 3*g = 2*o - 100, 0 = 4*o + 2*g - 0*g - 216. What are the prime factors of o?
53
What are the prime factors of -4 - -69*(-4)/(-6)?
2, 3, 7
Suppose x - 6*x = 90. Let t be (-3)/6 - x/4. Suppose 5*o - 5 = t*z + 16, o = 5*z. List the prime factors of o.
5
Suppose -4*r = r - 35. Suppose -4*t + 5*t + r = -5*j, -3*j + t = 9. What are the prime factors of (81/(-6))/3*j?
3
Let m = 13 - 15. List the prime factors of 2 + (-1 - m)*34.
2, 3
Let p be 4/8 - 18/(-4). Suppose -4*o - 35 = -3*j, 35 = p*j - 3*o + 8*o. Suppose 3*n + 0*n - j = 0. What are the prime factors of n?
3
Let h(l) = -l**2 + 9*l - 10. Let y be h(7). Suppose y*t - 3*t - 9 = 0. List the prime factors of t.
3
Suppose -d + 162 = -5*q, -q = 3 + 1. What are the prime factors of d?
2, 71
Let v be (-2 - -4)/(1/4). Let s(i) = -i + 6. Let g be s(v). List the prime factors of (-19)/g + (-2)/4.
3
Let b(z) = z**2 + 9*z - 3. Let p be b(-16). Suppose 5*m + 34 = p. List the prime factors of m.
3, 5
Let c(d) = -5*d**3 + 3*d**2 + 6*d. Let f(a) = -6*a**3 + 2*a**2 + 5*a. Let b(t) = 4*c(t) - 5*f(t). What are the prime factors of b(1)?
11
Let f(w) = -w**2 - 6*w - 5. Let u be f(-4). Suppose u*g + 59 = -a, 5*g - 54 + 149 = -a. Let d = g + 26. List the prime factors of d.
2
Let f(r) = -r - 33 + 13*r**2 + 51 + 0*r + r**3. What are the prime factors of f(-13)?
31
Suppose -3*y + y + 5*d + 42 = 0, -47 = -y - 4*d. Suppose -2*s = h - 26, s - y = -2*h + 4*s. List the prime factors of h.
2, 5
Let d(k) = 7*k + 1. Let w be -1*1*(-1 - -5). Let s be d(w). What are the prime factors of 2/(s/33 - -1)?
11
Let w(h) = h**2 + 4*h - 1. Let b be w(-4). List the prime factors of 2 - ((-72)/3 + b).
3
Suppose -2*s + m - 5*m = -118, 0 = 5*s + 2*m - 287. What are the prime factors of s?
3, 19
Suppose -2*n = 3*n + 2*b - 80, 5*n = b + 65. What are the prime factors of n?
2, 7
Let c(s) = 0*s + 4 + s - 4. Let l be c(2). Suppose 4*k - l*k + y = 19, 5*y = k + 18. What are the prime factors of k?
7
Let m(v) = v**2 + 3*v - 1. Let t be m(-6). Suppose 4*p + 49 = 5*a + t, 5*p + 6 = 2*a. Suppose -a*h + 5*h = -30. List the prime factors of h.
2, 5
Suppose 4*y - 2*c = 196, 5*y + 4*c - 2*c = 236. What are the prime factors of y?
2, 3
What are the prime factors of (3 + -4)/(3/(-93))?
31
Let j = -35 + 59. Suppose j = 4*d - 0*d. Suppose z = d*z - 10. What are the prime factors of z?
2
Suppose -2*k + 116 - 8 = 0. Let n = k + -30. List the prime factors of n.
2, 3
Let n(h) = -h**3 + 2*h**2 + 2*h + 253. List the prime factors of n(0).
11, 23
List the prime factors of -69*-3*3/27.
23
Let t be (6/(-4))/((-2)/4). Suppose 0*i + 3*i = t. What are the prime factors of (1 + 1)*i*4?
2
Let i(c) = 7*c - 1. Let l be i(5). Suppose -l = -w - 14. What are the prime factors of w?
2, 5
Let i be (0/3 + 3)*3. Let c be i*((-2)/6 - -1). List the prime factors of (-3 - c/(-3)) + 16.
3, 5
Suppose 5*i = 52 + 8. Suppose -5*n = -0*d - 2*d + 24, 2*d + n = i. List the prime factors of d.
7
Let q be 6/(-4)*8/(-6). Suppose q*t - 81 = 7*t + f, t - 5*f = -11. Let w = t - -27. What are the prime factors of w?
11
Suppose 0*r = -3*r - 165. Let v = -38 - r. What are the prime factors of v?
17
Suppose 1063 = 11*b - 1753. List the prime factors of b.
2
Suppose -4*z = -p - 371, 3*z + 4*p = -24 + 288. Let h = z - 52. Suppose 5*j + w - h = 12, -5*j + w = -48. What are the prime factors of j?
2, 5
Let b be (-1016)/(-24) + 4/6. Let g = b - 31. What are the prime factors of g?
2, 3
Let u(s) = s - 1. Let d(p) = 7*p - 11. Let y(g) = d(g) - u(g). Let i be y(7). Suppose o = -3*o + i. List the prime factors of o.
2
What are the prime factors of (-12)/8 - 234/(-4)?
3, 19
Suppose 0*d + 4*d = 28. Let a = -5 + d. List the prime factors of a.
2
Suppose u = 5*o - 158, -2*o + 65 = -0*o - u. Let l be (1/1)/((-1)/(-3)). Suppose -w + g = 4*w - 33, 5*g = -l*w + o. What are the prime factors of w?
7
Let t = 57 + -39. Suppose t = -2*w + 4*w. What are the prime factors of w?
3
Suppose -p - 4*p = 0. Suppose p*d + 48 = 3*d. What are the prime factors of d?
2
What are the prime factors of (-1 + 5 - 2472/(-8)) + -4?
3, 103
Suppose 34 = 8*b - 6*b. Let c = b - -9. List the prime factors of c.
2, 13
Let q = 0 - -7. List the prime factors of q.
7
Let i(l) = 4 - l**2 - l + 3*l + 4*l. Suppose 4*c + 6 = 5*c. What are the prime factors of i(c)?
2
Suppose -3*s + 292 = -4*x - 0*x, 0 = -x + 2. What are the prime factors of s?
2, 5
Suppose 1019 = 5*f - 4*q, -q + 405 = 2*f - 0*q. List the prime factors of f.
7, 29
Let q(n) = 2*n - 4. Suppose 2*h = -2, -3*x + 2 = -h + 7. Let z be (3/x)/(1/(-2)). What are the prime factors of q(z)?
2
Suppose 0 = -0*w + 2*w - 42. What are the prime factors of w?
3, 7
Let x(d) = d**3 - 2*d**2 - d - 3. Let q be x(3). Let v(t) = -t**2 + 8*t - 3. Let r be v(q). Suppose 80 = r*j - 8*j. List the prime factors of j.
2, 5
Suppose 3*g - 25 = 2*w, -2*w + 3*w + 5*g - 20 = 0. What are the prime factors of (1*w)/(1/(-2))?
2, 5
Let v(a) = a**3 - 4*a**2 - 9*a - 10. List the prime factors of v(8).
2, 3, 29
Let t be (2 - 3)/((-2)/10). Suppose y + t = 4*r, -5*r - 1 = 3*y - 3. Let i = y + 13. List the prime factors of i.
2, 3
Let s be 7*(2 + (-2)/2). What are the prime factors of 23/s - (-2)/(-7)?
3
Let m = -5 - -1. Let y(f) = -8*f - 1. Let q be y(m). Suppose -2*j + p + 18 = -6, -3*j - p = -q. List the prime factors of j.
11
Let a be 0/(-4) + (1 - -2). Suppose a*r - 5*r + 4 = 0. Suppose 2*c + r = 0, 6*c - 2*c - 4 = -2*d. What are the prime factors of d?
2
Let s(n) = 2*n**2 - n + 1. Let p be s(-2). Suppose 0 = -3*b + 4*z + 43, 2*b - 3*b + p = 2*z. List the prime factors of b - -2 - (4 + -2).
13
Let o(j) = -j - 2. Let p be o(-6). Suppose -p*q + 15 = q. Suppose 0 = 4*x + q - 11. List the prime factors of x.
2
Suppose y - 16 = -5*z, 0 = -5*y + y - 2*z + 28. List the prime factors of y.
2, 3
Suppose -3*m - 13 = -5*b, 0*b - 4*b - 4*m = -4. Suppose -4*x - 16 = -4*t, 2*x + 18 = 5*t - x. Suppose -12 = -t*u + b*u. What are the prime factors of u?
2, 3
Suppose -16*d = -15*d + 18. Let h